{"id":47,"date":"2020-02-27T17:27:34","date_gmt":"2020-02-27T16:27:34","guid":{"rendered":"http:\/\/78.157.162.134\/xpenology.cz\/?page_id=47"},"modified":"2025-10-25T07:13:35","modified_gmt":"2025-10-25T05:13:35","slug":"download","status":"publish","type":"page","link":"https:\/\/www.xpenology.cz\/?page_id=47","title":{"rendered":"Download"},"content":{"rendered":"\n<p><\/p>\n\n\n\n<p><br> <span style=\"text-decoration: underline;\">Co pot\u0159ebujete, zde ke sta\u017een\u00ed <strong>verze DSM 6.2<\/strong>, <strong>DSM 6.x a DSM 7.x:<\/strong> <\/span><br><br>&#8211; soubor z\u00e1lohy(vzdump) instalace cel\u00e9ho \u010dist\u00e9ho DSM 6.2, DSM 6.x a DSM 7.x v syst\u00e9mu virtualizace Proxmox<br> <\/p>\n\n\n\n<p>Zavad\u011b\u010d lze naj\u00edt prost\u0159ednictv\u00edm komunitn\u00edch f\u00f3r (nap\u0159. xpenology.com), zde z pr\u00e1vn\u00edch d\u016fvod\u016f neodkazuji p\u0159\u00edmo.<br><\/p>\n\n\n\n<p><\/p>\n","protected":false},"excerpt":{"rendered":"<p>Co pot\u0159ebujete, zde ke sta\u017een\u00ed verze DSM 6.2, DSM 6.x a DSM 7.x: &#8211; soubor z\u00e1lohy(vzdump) instalace cel\u00e9ho \u010dist\u00e9ho DSM 6.2, DSM 6.x a DSM 7.x v syst\u00e9mu virtualizace Proxmox&#8230; <a href=\"https:\/\/www.xpenology.cz\/?page_id=47\">Read more &raquo;<\/a><\/p>\n","protected":false},"author":1,"featured_media":0,"parent":0,"menu_order":0,"comment_status":"closed","ping_status":"closed","template":"","meta":{"footnotes":""},"class_list":["post-47","page","type-page","status-publish","hentry"],"_links":{"self":[{"href":"https:\/\/www.xpenology.cz\/index.php?rest_route=\/wp\/v2\/pages\/47"}],"collection":[{"href":"https:\/\/www.xpenology.cz\/index.php?rest_route=\/wp\/v2\/pages"}],"about":[{"href":"https:\/\/www.xpenology.cz\/index.php?rest_route=\/wp\/v2\/types\/page"}],"author":[{"embeddable":true,"href":"https:\/\/www.xpenology.cz\/index.php?rest_route=\/wp\/v2\/users\/1"}],"replies":[{"embeddable":true,"href":"https:\/\/www.xpenology.cz\/index.php?rest_route=%2Fwp%2Fv2%2Fcomments&post=47"}],"version-history":[{"count":13,"href":"https:\/\/www.xpenology.cz\/index.php?rest_route=\/wp\/v2\/pages\/47\/revisions"}],"predecessor-version":[{"id":162,"href":"https:\/\/www.xpenology.cz\/index.php?rest_route=\/wp\/v2\/pages\/47\/revisions\/162"}],"wp:attachment":[{"href":"https:\/\/www.xpenology.cz\/index.php?rest_route=%2Fwp%2Fv2%2Fmedia&parent=47"}],"curies":[{"name":"wp","href":"https:\/\/api.w.org\/{rel}","templated":true}]}}