{"id":2,"date":"2020-02-24T23:37:48","date_gmt":"2020-02-24T22:37:48","guid":{"rendered":"http:\/\/78.157.162.134\/xpenology.cz\/?page_id=2"},"modified":"2020-03-05T17:00:31","modified_gmt":"2020-03-05T16:00:31","slug":"www-xpenology-cz","status":"publish","type":"page","link":"https:\/\/www.xpenology.cz\/?page_id=2","title":{"rendered":"M\u016fj \u00favod"},"content":{"rendered":"\n<p>P\u016fvodn\u011b jsem si zakoupil NAS od Synology, cenov\u011b dostupn\u00e1 NASka byla pomal\u00e1 a nedisponovala pot\u0159ebn\u00fdmi funkcemi.<br><br>Proto jsem vyzkou\u0161el xpenology.<br>Nainstaloval jsem tedy opera\u010dn\u00ed syst\u00e9m DSM od Synology na star\u0161\u00ed, ji\u017e nepot\u0159ebn\u00fd stoln\u00ed po\u010d\u00edta\u010d, ale taky t\u0159eba na notebook s po\u0161kozen\u00fdm monitorem.<br><br>A\u017e jsme se trochu s DSM sezn\u00e1mili, upgradoval jsem na star\u0161\u00edm PC pevn\u00e9 disky a RAM pam\u011b\u0165. Pak jsem jako zavad\u011b\u010d nainstaloval virtu\u00e1ln\u00ed syst\u00e9m Proxmox. V syst\u00e9mu Proxmox jsem vytvo\u0159il virtu\u00e1ln\u00ed server NAS Synology DS 3617xs.<br><br>Uk\u00e1\u017eu v\u00e1m jak jsem postupoval.<br><br><\/p>\n","protected":false},"excerpt":{"rendered":"<p>P\u016fvodn\u011b jsem si zakoupil NAS od Synology, cenov\u011b dostupn\u00e1 NASka byla pomal\u00e1 a nedisponovala pot\u0159ebn\u00fdmi funkcemi. Proto jsem vyzkou\u0161el xpenology.Nainstaloval jsem tedy opera\u010dn\u00ed syst\u00e9m DSM od Synology na star\u0161\u00ed, ji\u017e&#8230; <a href=\"https:\/\/www.xpenology.cz\/?page_id=2\">Read more &raquo;<\/a><\/p>\n","protected":false},"author":1,"featured_media":0,"parent":0,"menu_order":0,"comment_status":"closed","ping_status":"open","template":"","meta":{"footnotes":""},"class_list":["post-2","page","type-page","status-publish","hentry"],"_links":{"self":[{"href":"https:\/\/www.xpenology.cz\/index.php?rest_route=\/wp\/v2\/pages\/2"}],"collection":[{"href":"https:\/\/www.xpenology.cz\/index.php?rest_route=\/wp\/v2\/pages"}],"about":[{"href":"https:\/\/www.xpenology.cz\/index.php?rest_route=\/wp\/v2\/types\/page"}],"author":[{"embeddable":true,"href":"https:\/\/www.xpenology.cz\/index.php?rest_route=\/wp\/v2\/users\/1"}],"replies":[{"embeddable":true,"href":"https:\/\/www.xpenology.cz\/index.php?rest_route=%2Fwp%2Fv2%2Fcomments&post=2"}],"version-history":[{"count":4,"href":"https:\/\/www.xpenology.cz\/index.php?rest_route=\/wp\/v2\/pages\/2\/revisions"}],"predecessor-version":[{"id":63,"href":"https:\/\/www.xpenology.cz\/index.php?rest_route=\/wp\/v2\/pages\/2\/revisions\/63"}],"wp:attachment":[{"href":"https:\/\/www.xpenology.cz\/index.php?rest_route=%2Fwp%2Fv2%2Fmedia&parent=2"}],"curies":[{"name":"wp","href":"https:\/\/api.w.org\/{rel}","templated":true}]}}